he prime factors of 1765929?
3, 11, 59, 907
What are the prime factors of 679683?
3, 71, 3191
What are the prime factors of 14006473?
13, 1077421
List the prime factors of 813513.
3, 373, 727
What are the prime factors of 684004?
2, 271, 631
What are the prime factors of 1188332?
2, 297083
What are the prime factors of 145477?
145477
What are the prime factors of 1140040?
2, 5, 11, 2591
What are the prime factors of 386528?
2, 47, 257
What are the prime factors of 11062216?
2, 11, 125707
What are the prime factors of 285637?
11, 23, 1129
List the prime factors of 3922327.
3922327
What are the prime factors of 1414263?
3, 197, 2393
List the prime factors of 7865.
5, 11, 13
List the prime factors of 12031009.
19, 211, 3001
What are the prime factors of 4318911?
3, 479879
List the prime factors of 5832214.
2, 2916107
What are the prime factors of 197327?
13, 43, 353
List the prime factors of 4168924.
2, 29, 83, 433
What are the prime factors of 414255?
3, 5, 27617
What are the prime factors of 1712187?
3, 190243
What are the prime factors of 18260436?
2, 3, 23, 66161
List the prime factors of 15577.
37, 421
List the prime factors of 35397135.
3, 5, 79, 3319
What are the prime factors of 2503747?
41, 79, 773
List the prime factors of 1291239.
3, 53, 2707
List the prime factors of 158652.
2, 3, 13, 113
What are the prime factors of 4933890?
2, 3, 5, 13, 4217
List the prime factors of 251277.
3, 13, 17, 379
What are the prime factors of 1044038?
2, 17, 30707
What are the prime factors of 6189125?
5, 67, 739
List the prime factors of 2427450.
2, 3, 5, 16183
List the prime factors of 22304665.
5, 97, 45989
What are the prime factors of 327438?
2, 3, 18191
What are the prime factors of 547543?
53, 10331
What are the prime factors of 6185944?
2, 19, 40697
List the prime factors of 676907.
7, 11, 59, 149
List the prime factors of 423798.
2, 3, 23, 37, 83
What are the prime factors of 4738456?
2, 592307
List the prime factors of 1366052.
2, 17, 20089
What are the prime factors of 111926?
2, 191, 293
What are the prime factors of 554786?
2, 43, 6451
List the prime factors of 538275.
3, 5, 7177
What are the prime factors of 3820201?
7, 11, 49613
What are the prime factors of 119578?
2, 17, 3517
List the prime factors of 30053918.
2, 29, 518171
List the prime factors of 419493.
3, 139831
What are the prime factors of 268891?
7, 107, 359
List the prime factors of 3488189.
1429, 2441
What are the prime factors of 4467457?
61, 73237
List the prime factors of 2834323.
107, 26489
What are the prime factors of 5579952?
2, 3, 7, 16607
List the prime factors of 2623660.
2, 5, 13, 10091
List the prime factors of 1358128.
2, 29, 2927
List the prime factors of 479726.
2, 13, 18451
What are the prime factors of 7689878?
2, 7, 41, 13397
List the prime factors of 16447789.
17, 71, 13627
What are the prime factors of 677700?
2, 3, 5, 251
What are the prime factors of 101447?
229, 443
What are the prime factors of 136477?
11, 19, 653
List the prime factors of 1016103.
3, 11, 41, 751
What are the prime factors of 5764304?
2, 7, 13, 37, 107
List the prime factors of 241837.
257, 941
List the prime factors of 8805994.
2, 4402997
List the prime factors of 3256703.
37, 88019
What are the prime factors of 5682890?
2, 5, 568289
What are the prime factors of 10147045?
5, 17, 19, 61, 103
What are the prime factors of 106136?
2, 13267
What are the prime factors of 174056?
2, 21757
List the prime factors of 90714.
2, 3, 13, 1163
List the prime factors of 1388401.
7, 241, 823
List the prime factors of 404577.
3, 44953
What are the prime factors of 178309?
41, 4349
List the prime factors of 710141.
17, 37, 1129
List the prime factors of 12031814.
2, 6015907
What are the prime factors of 626551?
433, 1447
List the prime factors of 381690.
2, 3, 5, 4241
What are the prime factors of 244808?
2, 71, 431
List the prime factors of 1708026.
2, 3, 23, 12377
What are the prime factors of 284509?
284509
List the prime factors of 1591658.
2, 795829
What are the prime factors of 30946310?
2, 5, 313, 9887
What are the prime factors of 818395?
5, 163679
What are the prime factors of 43059674?
2, 7, 17, 239, 757
List the prime factors of 2062001.
2062001
List the prime factors of 5984374.
2, 11, 17, 16001
List the prime factors of 595835.
5, 269, 443
What are the prime factors of 222306?
2, 3, 7, 67, 79
List the prime factors of 580735.
5, 19, 6113
List the prime factors of 2600964.
2, 3, 24083
List the prime factors of 2394431.
13, 184187
What are the prime factors of 1586360?
2, 5, 39659
List the prime factors of 810104.
2, 131, 773
What are the prime factors of 439248?
2, 3, 9151
What are the prime factors of 25506641?
101, 252541
What are the prime factors of 101337?
3, 17, 1987
List the prime factors of 5227623.
3, 31, 41, 457
What are the prime factors of 2926833?
3, 7, 13, 71, 151
List the prime factors of 1666814.
2, 41, 20327
List the prime factors of 1427064.
2, 3, 97, 613
What are the prime factors of 430420?
2, 5, 21521
What are the prime factors of 1566449?
1566449
List the prime factors of 79119.
3, 59, 149
List the prime factors of 515164.
2, 13, 9907
List the prime factors of 344957.
344957
What are the prime factors of 150363?
3, 5569
List the prime factors of 19493237.
17, 1146661
List the prime factors of 123290.
2, 5, 12329
List the prime factors of 148599.
3, 11, 19, 79
List the prime factors of 339059.
7, 48437
List the prime factors of 5775209.
11, 4339
List the prime factors of 72021.
3, 24007
List the prime factors of 3215205.
3, 5, 7, 59, 173
List the prime factors of 8158798.
2, 4079399
What are the prime factors of 78471?
3, 8719
List the prime factors of 22351.
7, 31, 103
List the prime factors of 3800172.
2, 3, 316681
What are the prime factors of 2351506?
2, 317, 3709
What are the prime factors of 29013150?
2, 3, 5, 127, 1523
What are the prime factors of 10229790?
2, 3, 5, 19, 131, 137
What are the prime factors of 206921?
11, 13, 1447
What are the prime factors of 3194754?
2, 3, 709, 751
List the prime factors of 513706.
2, 17, 29, 521
What are the prime factors of 366643?
19, 23, 839
List the prime factors of 22732220.
2, 5, 7, 397, 409
List the prime factors of 3038052.
2, 3, 409, 619
What are the prime factors of 509937?
3, 43, 59, 67
What are the prime factors of 469621?
251, 1871
What are the prime factors of 18455755?
5, 3691151
What are the prime factors of 1534733?
79, 19427
What are the prime factors of 738697?
41, 43, 419
What are the prime factors of 5705937?
3, 233, 907
List the prime factors of 91359.
3, 10151
List the prime factors of 700258.
2, 13, 23, 1171
List the prime factors of 2459825.
5, 61, 1613
List the prime factors of 2378.
2, 29, 41
List the prime factors of 4143422.
2, 2071711
List the prime factors of 30537.
3, 13, 29
What are the prime factors of 1005723?
3, 193
What are the prime factors of 8702964?
2, 3, 26861
List the prime factors of 21900283.
21900283
What are the prime factors of 540667?
41, 13187
List the prime factors of 25729.
11, 2339
List the prime factors of 53291.
7, 23, 331
What are the prime factors of 7631781?
3, 41, 62047
List the prime factors of 2911977.
3, 29, 3719
What are the prime factors of 358894?
2, 311, 577
What are the prime factors of 321329?
321329
List the prime factors of 487936.
2, 953
What are the prime factors of 418621?
7, 79, 757
What are the prime factors of 124562?
2, 61, 1021
List the prime factors of 353140.
2, 5, 17657
What are the prime factors of 19667203?
19667203
List the prime factors of 1779130.
2, 5, 177913
List the prime factors of 2090554.
2, 1045277
What are the prime factors of 20422728?
2, 3, 29, 9781
What are the prime factors of 313781?
13, 24137
What are the prime factors of 11285938?
2, 5642969
List the prime factors of 473503.
473503
What are the prime factors of 2258?
2, 1129
What are the prime factors of 126557?
271, 467
What are the prime factors of 228318?
2, 3, 38053
List the prime factors of 31595292.
2, 3, 292549
What are the prime factors of 7517357?
7517357
List the prime factors of 274924.
2, 13, 17, 311
List the prime factors of 509826.
2, 3, 31, 2741
List the prime factors of 796525.
5, 151, 211
What are the prime factors of 6794589?
3, 2264863
What are the prime f